 number?
True
Is 5061583 a composite number?
True
Is 31859867 a composite number?
True
Is 1201867 prime?
False
Is 38925109 a prime number?
True
Is 2733569 a composite number?
True
Is 5811061 a prime number?
True
Is 1663907 composite?
True
Is 8657827 a composite number?
False
Is 4849241 a composite number?
True
Is 44070281 prime?
True
Is 36433885 composite?
True
Is 158409653 composite?
False
Is 15840631 prime?
False
Is 2126249 prime?
True
Is 49797659 composite?
False
Is 2260669 composite?
True
Is 237042719 a prime number?
False
Is 2520449 a prime number?
False
Is 467016413 composite?
False
Is 26211589 a prime number?
True
Is 769346 composite?
True
Is 136931 a prime number?
False
Is 137237561 prime?
True
Is 6573319 a prime number?
False
Is 468910241 prime?
True
Is 7409227 composite?
True
Is 190345829 a prime number?
True
Is 8766269 prime?
True
Is 790963 a composite number?
True
Is 360050767 a composite number?
False
Is 250927607 a composite number?
True
Is 4843931 prime?
False
Is 29991911 a prime number?
False
Is 645119 a prime number?
False
Is 275129 a prime number?
True
Is 343457 a prime number?
False
Is 395426 a composite number?
True
Is 416764253 prime?
False
Is 30384821 a prime number?
True
Is 4105015 composite?
True
Is 1349651 composite?
False
Is 42772423 composite?
False
Is 398933 composite?
False
Is 4256491 composite?
False
Is 20154347 prime?
True
Is 622397 prime?
True
Is 20913643 composite?
False
Is 1929977 a prime number?
False
Is 131051309 a prime number?
False
Is 127595029 a composite number?
False
Is 13868461 a prime number?
False
Is 325424347 a composite number?
True
Is 35853377 prime?
False
Is 31480621 composite?
False
Is 35207141 a prime number?
False
Is 55028299 composite?
False
Is 1094880329 composite?
False
Is 575987 composite?
False
Is 636403 a composite number?
False
Is 1874189 a prime number?
True
Is 157438033 prime?
False
Is 127753009 composite?
False
Is 2211359 a prime number?
True
Is 14863451 a composite number?
True
Is 33703507 prime?
False
Is 401731331 a composite number?
True
Is 2270383 prime?
True
Is 6642127 a composite number?
False
Is 476891 a composite number?
False
Is 70789 a prime number?
False
Is 16751506 a prime number?
False
Is 181947673 prime?
True
Is 1623677 composite?
True
Is 120401581 composite?
True
Is 18806077 prime?
True
Is 674393 a prime number?
True
Is 25311269 composite?
False
Is 1168093 a prime number?
True
Is 12467639 a composite number?
False
Is 6095669 a prime number?
False
Is 441773513 prime?
True
Is 553867 a composite number?
False
Is 173361829 prime?
True
Is 50020373 composite?
True
Is 29701319 prime?
True
Is 307573567 prime?
False
Is 3892571 a prime number?
True
Is 55699779 prime?
False
Is 3100259 composite?
False
Is 28351769 prime?
True
Is 394653619 prime?
False
Is 20217407 a composite number?
True
Is 3560351 prime?
False
Is 14278863 prime?
False
Is 16290913 a prime number?
False
Is 7375573 composite?
False
Is 19009373 a prime number?
True
Is 431081 composite?
True
Is 140993327 a composite number?
False
Is 80872413 a prime number?
False
Is 487961 composite?
True
Is 48444673 prime?
True
Is 839081167 prime?
True
Is 10936517 a composite number?
False
Is 13487123 composite?
True
Is 2785577 a composite number?
False
Is 2114029 composite?
True
Is 373378793 a composite number?
False
Is 47163341 a prime number?
True
Is 470598311 composite?
False
Is 1689167 composite?
False
Is 2266961 a prime number?
True
Is 6409807 a composite number?
False
Is 3786635 a composite number?
True
Is 6214981 a composite number?
False
Is 335153219 a prime number?
False
Is 574503557 prime?
True
Is 6380347 a composite number?
False
Is 638283167 a composite number?
False
Is 19843487 a composite number?
True
Is 4447423 composite?
False
Is 121019131 a composite number?
True
Is 23690791 a composite number?
True
Is 1135099177 a composite number?
False
Is 383335109 a prime number?
True
Is 1825711 prime?
True
Is 679669 a prime number?
True
Is 657187 prime?
True
Is 2764841 prime?
True
Is 4789583 prime?
True
Is 22276015 a composite number?
True
Is 20197913 a prime number?
False
Is 9391469 composite?
True
Is 11283263 prime?
True
Is 4401913 a prime number?
False
Is 70345237 a composite number?
False
Is 955724579 composite?
True
Is 158474609 prime?
True
Is 20755121 a composite number?
False
Is 3207847 a composite number?
False
Is 93493967 prime?
False
Is 11085211 composite?
True
Is 38662081 a composite number?
False
Is 169133227 composite?
True
Is 201785783 composite?
True
Is 4260202 composite?
True
Is 108018731 a composite number?
True
Is 19139461 a composite number?
True
Is 62690827 prime?
False
Is 20932937 prime?
True
Is 1123267 composite?
False
Is 1040408165 a composite number?
True
Is 11404703 a composite number?
False
Is 3325373 prime?
True
Is 34090345 a composite number?
True
Is 50040917 a composite number?
False
Is 97544703 a prime number?
False
Is 30883591 prime?
True
Is 395394501 composite?
True
Is 24627761 a composite number?
True
Is 728219 prime?
False
Is 9130519 a composite number?
False
Is 2094203 composite?
False
Is 3192457 a prime number?
True
Is 30832829 a composite number?
True
Is 81821851 composite?
False
Is 825270353 a composite number?
False
Is 78381397 a composite number?
False
Is 67441951 a prime number?
False
Is 13219061 a composite number?
False
Is 20689087 composite?
False
Is 1895781 composite?
True
Is 1870897 composite?
True
Is 12266207 a composite number?
True
Is 18117053 a prime number?
False
Is 245625553 composite?
False
Is 24677291 a prime number?
True
Is 19193039 composite?
False
Is 31865027 prime?
True
Is 1797503 composite?
False
Is 125882357 a composite number?
False
Is 223738883 composite?
True
Is 31235689 composite?
False
Is 5161489 composite?
True
Is 1919087 a composite number?
True
Is 979751 composite?
True
Is 65167 a composite number?
False
Is 61019071 a composite number?
False
Is 5310379 composite?
False
Is 845465 a composite number?
True
Is 6763691 a prime number?
False
Is 59378827 composite?
False
Is 7078231 composite?
True
Is 38838947 a composite number?
True
Is 10710841 a composite number?
True
Is 26453173 a prime number?
False
Is 951868573 a composite number?
True
Is 73224131 a composite number?
False
Is 67107629 a composite number?
True
Is 20941565 a prime number?
False
Is 629537 prime?
True
Is 5210501 a composite number?
True
Is 40502117 prime?
True
Is 52619789 a composite number?
False
Is 15309901 composite?
False
Is 442721 prime?
True
Is 22765357 a composite number?
False
Is 56476207 composite?
False
Is 2841733 composite?
False
Is 2230663 a composite number?
False
Is 9568171 a prime number?
True
Is 6336971 a composite number?
True
Is 2323747 prime?
False
Is 69568663 a composite number?
True
Is 360749 a prime number?
True
Is 1951087 a composite number?
True
Is 83849773 composite?
True
Is 1872491 composite?
False
Is 6868457 a prime number?
True
Is 99572981 composite?
True
Is 2662921 prime?
True
Is 8484331 a prime number?
False
Is 10134169 composite?
False
Is 111563123 prime?
False
Is 28389643 prime?
False
Is 25273393 a prime number?
True
Is 18383542 composite?
True
Is 75421513 a prime number?
True
Is 24073417 a prime number?
True
Is 420634 prime?
False
Is 3367489 a prime number?
False
Is 35988229 a prime number?
False
Is 7993 composite?
False
Is 5007965 prime?
False
Is 1875193 a composite number?
True
Is 34247429 a prime number?
True
Is 228262819 composite?
False
Is 283606117 a prime number?
False
Is 16644227 a composite number?
False
Is 18146497 a prime number?
False
Is 1253947 prime?
True
Is 22125443 a prime number?
False
Is 18972137 a composite number?
False
Is 140817763 a prime number?
True
Is 113461307 a prime number?
False
Is 6291041 prime?
True
Is 58132507 prime?
True
Is 13651906 a composite number?
True
Is 18814063 a composite number?
False
Is 1714573 a prime number?
False
Is 1814857 prime?
False
Is 7388089 composite?
False
Is 7561739 composite?
True
Is 23976859 prime?
True
Is 65200523 a prime number?
True
Is 12184849 a composite number?
True
Is 22030637 a prime number?
True
Is 4965521 a prime number?
False
Is 61472363 a composite number?
False
Is 3707369 a prime number?
True
Is 36671381 a composite number?
False
Is 14386355 a composite number?
True
Is 40384127 prime?
False
I